{"id":14602,"date":"2021-06-22T17:47:37","date_gmt":"2021-06-22T16:47:37","guid":{"rendered":"https:\/\/roofnet.fr\/roofnet\/?page_id=14602"},"modified":"2021-06-30T12:36:19","modified_gmt":"2021-06-30T11:36:19","slug":"cgv","status":"publish","type":"page","link":"https:\/\/roofnet.fr\/roofnet\/cgv\/","title":{"rendered":"Conditions G\u00e9n\u00e9rales de Ventes"},"content":{"rendered":"<div class=\"wpb-content-wrapper\"><p>[vc_row][vc_column][vc_column_text]<\/p>\n<h3><strong>Conditions G\u00e9n\u00e9rales de Ventes<\/strong><\/h3>\n<p>[\/vc_column_text][vc_empty_space height=\u00a0\u00bb15&Prime;][vc_column_text]<\/p>\n<div id=\"TheTexte\" class=\"Texte\">\n<p>Sauf stipulation formelle \u00e9crite, toute affaire trait\u00e9e avec Roofnet et ses filiales Roofnet Nord et Roofnet Centre (dites les soci\u00e9t\u00e9s Roofnet) comporte pour leurs clients l\u2019acceptation sans r\u00e9serve des conditions suivantes nonobstant toutes clauses imprim\u00e9es sur leurs<br \/>\npropres documents.<\/p>\n<\/div>\n<p>[\/vc_column_text][vc_empty_space height=\u00a0\u00bb15&Prime;][vc_column_text]<\/p>\n<h5><strong>OFFRES &#8211; COMMANDES<\/strong><\/h5>\n<p>[\/vc_column_text][vc_column_text]<\/p>\n<div id=\"TheTexte\" class=\"Texte\">\n<p>L\u2019acceptation de nos offres sans r\u00e9serve imm\u00e9diate de l\u2019acheteur, signifie l\u2019acceptation compl\u00e8te des pr\u00e9sentes conditions de vente.<br \/>\nL\u2019acheteur reconna\u00eet avoir pass\u00e9 commande en connaissance de toutes les conditions de mise en \u0153uvre et de toutes les caract\u00e9ristiques techniques d\u00e9crites dans nos offres.<br \/>\nLes commandes de produits r\u00e9f\u00e9renc\u00e9s dans nos offres feront l\u2019objet d\u2019une facturation \u00e0 l\u2019acheteur m\u00eame en cas d\u2019impossibilit\u00e9 de r\u00e9aliser la commande dans les conditions pr\u00e9vues dans les offres.<br \/>\nLa modification ou l\u2019annulation d\u2019une commande devra faire l\u2019objet d\u2019une information \u00e9crite \u00e0 nos services Exploitation, dans un d\u00e9lai minimum de 5 jours ouvr\u00e9s avant la date d\u2019ex\u00e9cution.<\/p>\n<\/div>\n<p>[\/vc_column_text][vc_empty_space height=\u00a0\u00bb15&Prime;][vc_column_text]<\/p>\n<h5><strong>PRIX<\/strong><\/h5>\n<p>[\/vc_column_text][vc_column_text]<\/p>\n<div id=\"TheTexte\" class=\"Texte\">\n<p>L\u2019\u00e9valuation des prix est faite hors taxes en fonction des conditions \u00e9conomiques connues \u00e0 la date d\u2019\u00e9tablissement des prix, conform\u00e9ment aux dispositions l\u00e9gales et peut \u00eatre soumise \u00e0 des conditions ou \u00e0 une dur\u00e9e limit\u00e9e.<\/p>\n<\/div>\n<p>[\/vc_column_text][vc_empty_space height=\u00a0\u00bb15&Prime;][vc_column_text]<\/p>\n<h5><strong>VARIATION DES CHARGES LEGALES<\/strong><\/h5>\n<p>[\/vc_column_text][vc_column_text]<\/p>\n<div id=\"TheTexte\" class=\"Texte\">\n<p>Dans le cas de modifications des charges impos\u00e9es par voie l\u00e9gislative ou r\u00e9glementaire, les incidences de ces variations dans les d\u00e9bours\u00e9s des soci\u00e9t\u00e9s Roofnet, qui ne seraient pas prises en compte par la formule d\u2019actualisation ou de r\u00e9vision des prix, seront ajout\u00e9es au montant des facturations.<\/p>\n<\/div>\n<p>[\/vc_column_text][vc_empty_space height=\u00a0\u00bb15&Prime;][vc_column_text]<\/p>\n<h5><strong>REAJUSTEMENT DES PRIX<\/strong><\/h5>\n<p>[\/vc_column_text][vc_column_text]<\/p>\n<div id=\"TheTexte\" class=\"Texte\">\n<p>Les travaux trait\u00e9s sur la base de la s\u00e9rie de prix font l\u2019objet de m\u00e9moires portant l\u2019incidence des coefficients mensuels de ladite s\u00e9rie.<br \/>\nLes travaux trait\u00e9s \u00e0 prix forfaitaires seront actualis\u00e9s et r\u00e9vis\u00e9s \u00e0 l\u2019aide des index nationaux de b\u00e2timent du minist\u00e8re de l\u2019\u00e9quipement \u2013 codification B.T.<\/p>\n<\/div>\n<p>[\/vc_column_text][vc_empty_space height=\u00a0\u00bb15&Prime;][vc_column_text]<\/p>\n<h5><strong>PAIEMENT<\/strong><\/h5>\n<p>[\/vc_column_text][vc_column_text]<\/p>\n<div id=\"TheTexte\" class=\"Texte\">\n<p>Sauf stipulations diff\u00e9rentes, \u00e9crites, les paiements sont faits au si\u00e8ge social des soci\u00e9t\u00e9s Roofnet, par virement \u00e0 30 jours fin de mois, sans escompte, m\u00eame en cas de paiement anticip\u00e9.<br \/>\nLe non-paiement d\u2019une facture \u00e0 son \u00e9ch\u00e9ance entra\u00eene de plein droit l\u2019exigibilit\u00e9 imm\u00e9diate de toutes les factures, y compris celles non \u00e9chues il peut entra\u00eener \u00e0 notre gr\u00e9, la r\u00e9siliation des commandes et march\u00e9s en cours, sans droit \u00e0 dommages et int\u00e9r\u00eats pour l\u2019acheteur.<br \/>\nToute facture non r\u00e9gl\u00e9e \u00e0 sa date d\u2019\u00e9ch\u00e9ance entra\u00eenera l\u2019application d\u2019une p\u00e9nalit\u00e9 de retard s\u2019\u00e9levant \u00e0 3.00 fois le taux de l\u2019int\u00e9r\u00eat l\u00e9gal jusqu\u2019au paiement int\u00e9gral des sommes dues. Tout recouvrement donnera lieu \u00e0 une indemnit\u00e9 forfaitaire de 40.00 euros (articles L. 441-6 et D. 441-5 du Code de Commerce). Au titre de la clause p\u00e9nale, le client devra verser une indemnit\u00e9 de 15.00% du montant total de la facture TTC.<br \/>\nEn application de la Loi n\u00b080-335 du 12 mai 1980, les soci\u00e9t\u00e9s Roofnet se r\u00e9servent la propri\u00e9t\u00e9 des marchandises d\u00e9sign\u00e9es sur la facture, jusqu\u2019au paiement int\u00e9gral de leur prix en principal et int\u00e9r\u00eats.<br \/>\nLa v\u00e9rification \u00e9ventuelle de la facture n\u2019est pas suspensive du paiement. Le paiement des travaux ne peut \u00eatre li\u00e9 au versement de cr\u00e9dits ou subventions demand\u00e9s par le client, ou fonds redevables au client. Il en est de m\u00eame pour les travaux rembours\u00e9s par son assurance. Le client doit faire son affaire personnelle de ce remboursement qui n\u2019est pas opposable aux soci\u00e9t\u00e9s Roofnet.<br \/>\nEn cas de litige sur la qualit\u00e9 des prestations effectu\u00e9es, ces derni\u00e8res ne pourront \u00eatre reconnues d\u00e9fectueuses qu\u2019\u00e0 l\u2019issue d\u2019un examen contradictoire en pr\u00e9sence des soci\u00e9t\u00e9s Roofnet. En aucun cas un \u00e9ventuel litige en mati\u00e8re de prix, de quantit\u00e9 ou de qualit\u00e9 ne pourra dispenser le client de r\u00e9gler \u00e0 l\u2019\u00e9ch\u00e9ance la part des factures \u00e9mises par les soci\u00e9t\u00e9s Roofnet exc\u00e9dant le montant de la r\u00e9clamation, sauf \u00e0 mettre en \u0153uvre automatiquement le r\u00e9gime des p\u00e9nalit\u00e9s d\u00e9fini ci-avant.<\/p>\n<\/div>\n<p>[\/vc_column_text][vc_empty_space height=\u00a0\u00bb15&Prime;][vc_column_text]<\/p>\n<h5><strong>DELAI D\u2019EXECUTION DES TRAVAUX<\/strong><\/h5>\n<p>[\/vc_column_text][vc_column_text]<\/p>\n<div id=\"TheTexte\" class=\"Texte\">\n<p>Si un d\u00e9lai est pr\u00e9vu, la date de fin des travaux est donn\u00e9e \u00e0 titre indicatif et sans engagement.<br \/>\nLes soci\u00e9t\u00e9s Roofnet en seront toujours d\u00e9gag\u00e9es :<\/p>\n<ul>\n<li>si les conditions de paiement n\u2019ont pas \u00e9t\u00e9 observ\u00e9es par le client,<\/li>\n<li>si elles ont \u00e9t\u00e9 retard\u00e9es par les autres corps d\u2019\u00e9tat ou par le fait de travaux suppl\u00e9mentaires,<\/li>\n<li>si les surfaces \u00e0 nettoyer ou r\u00e9parer n\u2019ont pas \u00e9t\u00e9 mises \u00e0 disposition des soci\u00e9t\u00e9s Roofnet, \u00e0 la date convenue,<\/li>\n<li>en cas de mauvais temps, rendant impossible ou inutile, l\u2019intervention des soci\u00e9t\u00e9s Roofnet,<\/li>\n<li>en cas de force majeure ou d\u2019\u00e9v\u00e8nements tels que : guerre, gr\u00e8ve de l\u2019entreprise, retard imputable aux fournisseurs, emp\u00eachement de transport, incendie, intemp\u00e9ries, etc.<\/li>\n<\/ul>\n<\/div>\n<p>[\/vc_column_text][vc_empty_space height=\u00a0\u00bb15&Prime;][vc_column_text]<\/p>\n<h5><strong>TRAVAUX SUPPLEMENTAIRES<\/strong><\/h5>\n<p>[\/vc_column_text][vc_column_text]<\/p>\n<div id=\"TheTexte\" class=\"Texte\">\n<p>Les interventions, travaux et fournitures suppl\u00e9mentaires sont factur\u00e9s, valeur date d\u2019ex\u00e9cution.<\/p>\n<\/div>\n<p>[\/vc_column_text][vc_empty_space height=\u00a0\u00bb15&Prime;][vc_column_text]<\/p>\n<h5><strong>RESPONSABILITES<\/strong><\/h5>\n<p>[\/vc_column_text][vc_column_text]<\/p>\n<div id=\"TheTexte\" class=\"Texte\">\n<p>Les soci\u00e9t\u00e9s Roofnet ne peuvent \u00eatre tenues responsables que de leurs propres travaux et fournitures et ce dans les conditions et limites l\u00e9gales.<\/p>\n<\/div>\n<p>[\/vc_column_text][vc_empty_space height=\u00a0\u00bb15&Prime;][vc_column_text]<\/p>\n<h5><strong>ATTRIBUTION DE JURIDICTION<\/strong><\/h5>\n<p>[\/vc_column_text][vc_column_text]<\/p>\n<div id=\"TheTexte\" class=\"Texte\">\n<p>Tout litige relatif \u00e0 la pr\u00e9sente vente, m\u00eame en cas de recours en garantie ou de pluralit\u00e9 de d\u00e9fendeurs, serait de la comp\u00e9tence exclusive du Tribunal de Commerce de Paris.<\/p>\n<\/div>\n<p>[\/vc_column_text][vc_empty_space height=\u00a0\u00bb25&Prime;][vc_column_text]<\/p>\n<div id=\"TheTexte\" class=\"Texte\">\n<p align=\"center\"><strong>Si\u00e8ges sociaux : 3, rue de T\u00e9h\u00e9ran 75008 Paris &#8211; SIREN ROOFNET 398 543 801 &#8211; SIREN ROOFNET NORD 531 756 732 &#8211; SIREN ROOFNET CENTRE 750 795 726<\/strong><\/p>\n<\/div>\n<p>[\/vc_column_text][\/vc_column][\/vc_row][vc_row full_width=\u00a0\u00bbstretch_row\u00a0\u00bb bg_type=\u00a0\u00bbbg_color\u00a0\u00bb][vc_column][vc_empty_space height=\u00a0\u00bb54&Prime;][\/vc_column][\/vc_row][vc_row full_width=\u00a0\u00bbstretch_row\u00a0\u00bb css=\u00a0\u00bb.vc_custom_1458739034787{background-color: #242424 !important;}\u00a0\u00bb][vc_column][vc_row_inner][vc_column_inner width=\u00a0\u00bb1\/3&Prime;][\/vc_column_inner][vc_column_inner width=\u00a0\u00bb1\/3&Prime;][vc_column_text css_animation=\u00a0\u00bbtop-to-bottom\u00a0\u00bb]<\/p>\n<h4 style=\"text-align: center;\"><span style=\"color: #ffffff;\">Roofnet<\/span><\/h4>\n<p>[\/vc_column_text][vc_column_text css_animation=\u00a0\u00bbtop-to-bottom\u00a0\u00bb]<\/p>\n<h6 style=\"text-align: center;\"><span style=\"color: #fbb027;\"><span style=\"color: #ffffff;\">Nos coordonn\u00e9es<\/span><br \/>\n<\/span><\/h6>\n<p>[\/vc_column_text]<div class=\"mt-shortcode-separator default center\" style=\"height:; width:; background-color:#ffffff;margin-top:; margin-bottom:\"><\/div><div class=\"clear\"><\/div>[vc_column_text]<\/p>\n<p style=\"text-align: center;\"><span style=\"color: #ffffff;\">3 rue de T\u00e9h\u00e9ran \u2013 75008 Paris \u2013 T\u00e9l. <a style=\"color: #ffffff;\" href=\"#\">01 45 25 03 35<\/a><br \/>\n<a style=\"color: #ffffff;\" href=\"mailto:info@roofnet.fr\">info@roofnet.fr<\/a>\u2013 RCS : <a style=\"color: #ffffff;\" href=\"#\">398 543 801<\/a><\/span><\/p>\n<p style=\"text-align: center;\"><span style=\"color: #b3b3b2;\"><a href=\"https:\/\/www.linkedin.com\/company\/roofnet\/\" target=\"_blank\" rel=\"noopener noreferrer\"><img loading=\"lazy\" decoding=\"async\" class=\"alignnone wp-image-14221 size-full\" src=\"https:\/\/roofnet.fr\/roofnet\/wp-content\/uploads\/2016\/04\/linkedin.png\" alt=\"linkedin\" width=\"37\" height=\"37\" srcset=\"https:\/\/roofnet.fr\/roofnet\/wp-content\/uploads\/2016\/04\/linkedin.png 37w, https:\/\/roofnet.fr\/roofnet\/wp-content\/uploads\/2016\/04\/linkedin-150x150.png 150w, https:\/\/roofnet.fr\/roofnet\/wp-content\/uploads\/2016\/04\/linkedin-300x300.png 300w, https:\/\/roofnet.fr\/roofnet\/wp-content\/uploads\/2016\/04\/linkedin-768x768.png 768w, https:\/\/roofnet.fr\/roofnet\/wp-content\/uploads\/2016\/04\/linkedin-1024x1024.png 1024w, https:\/\/roofnet.fr\/roofnet\/wp-content\/uploads\/2016\/04\/linkedin-999x999.png 999w, https:\/\/roofnet.fr\/roofnet\/wp-content\/uploads\/2016\/04\/linkedin-360x360.png 360w\" sizes=\"(max-width: 37px) 100vw, 37px\" \/><\/a> <a href=\"https:\/\/www.facebook.com\/roofnet.fr\/\" target=\"_blank\" rel=\"noopener noreferrer\" class=\"broken_link\"><img loading=\"lazy\" decoding=\"async\" class=\"alignnone wp-image-14252 size-full\" src=\"https:\/\/roofnet.fr\/roofnet\/wp-content\/uploads\/2016\/04\/fb_rond.png\" alt=\"fb_rond\" width=\"37\" height=\"37\" srcset=\"https:\/\/roofnet.fr\/roofnet\/wp-content\/uploads\/2016\/04\/fb_rond.png 37w, https:\/\/roofnet.fr\/roofnet\/wp-content\/uploads\/2016\/04\/fb_rond-150x150.png 150w, https:\/\/roofnet.fr\/roofnet\/wp-content\/uploads\/2016\/04\/fb_rond-300x300.png 300w, https:\/\/roofnet.fr\/roofnet\/wp-content\/uploads\/2016\/04\/fb_rond-768x768.png 768w, https:\/\/roofnet.fr\/roofnet\/wp-content\/uploads\/2016\/04\/fb_rond-1024x1024.png 1024w, https:\/\/roofnet.fr\/roofnet\/wp-content\/uploads\/2016\/04\/fb_rond-999x999.png 999w, https:\/\/roofnet.fr\/roofnet\/wp-content\/uploads\/2016\/04\/fb_rond-360x360.png 360w\" sizes=\"(max-width: 37px) 100vw, 37px\" \/><\/a><br \/>\n<\/span>[\/vc_column_text][vc_empty_space][\/vc_column_inner][vc_column_inner width=\u00a0\u00bb1\/3&Prime;][\/vc_column_inner][\/vc_row_inner][\/vc_column][\/vc_row]<\/p>\n<\/div>","protected":false},"excerpt":{"rendered":"<p>[vc_row][vc_column][vc_column_text] Conditions G\u00e9n\u00e9rales de Ventes [\/vc_column_text][vc_empty_space height=\u00a0\u00bb15&Prime;][vc_column_text] Sauf stipulation formelle \u00e9crite, toute affaire trait\u00e9e avec Roofnet et ses filiales Roofnet Nord et Roofnet Centre (dites les soci\u00e9t\u00e9s Roofnet) comporte pour leurs clients l\u2019acceptation sans r\u00e9serve des conditions suivantes nonobstant toutes clauses imprim\u00e9es sur leurs propres documents. [\/vc_column_text][vc_empty_space height=\u00a0\u00bb15&Prime;][vc_column_text] OFFRES &#8211; COMMANDES [\/vc_column_text][vc_column_text] L\u2019acceptation de nos offres sans r\u00e9serve imm\u00e9diate de l\u2019acheteur, signifie l\u2019acceptation compl\u00e8te des pr\u00e9sentes conditions de vente. L\u2019acheteur reconna\u00eet avoir pass\u00e9 commande en connaissance de toutes les conditions de mise en \u0153uvre et de toutes les caract\u00e9ristiques techniques d\u00e9crites dans nos offres. Les commandes de produits r\u00e9f\u00e9renc\u00e9s dans nos offres feront l\u2019objet d\u2019une facturation \u00e0 l\u2019acheteur m\u00eame en cas d\u2019impossibilit\u00e9 de r\u00e9aliser la commande dans les conditions pr\u00e9vues dans les offres. La modification ou l\u2019annulation d\u2019une commande devra faire l\u2019objet d\u2019une information \u00e9crite \u00e0 nos services Exploitation, dans un d\u00e9lai minimum de 5 jours ouvr\u00e9s avant la date d\u2019ex\u00e9cution. [\/vc_column_text][vc_empty_space height=\u00a0\u00bb15&Prime;][vc_column_text] PRIX [\/vc_column_text][vc_column_text] L\u2019\u00e9valuation des prix est faite hors taxes en fonction des conditions \u00e9conomiques connues \u00e0 la date d\u2019\u00e9tablissement des prix, conform\u00e9ment aux dispositions l\u00e9gales et peut \u00eatre soumise \u00e0 des conditions ou \u00e0 une dur\u00e9e limit\u00e9e. [\/vc_column_text][vc_empty_space height=\u00a0\u00bb15&Prime;][vc_column_text] VARIATION DES CHARGES LEGALES [\/vc_column_text][vc_column_text] Dans le cas de modifications des charges impos\u00e9es par voie l\u00e9gislative ou r\u00e9glementaire, les incidences de ces variations dans les d\u00e9bours\u00e9s des soci\u00e9t\u00e9s Roofnet, qui ne seraient pas prises en compte par la formule d\u2019actualisation ou de r\u00e9vision des prix, seront ajout\u00e9es au montant des facturations. [\/vc_column_text][vc_empty_space height=\u00a0\u00bb15&Prime;][vc_column_text] REAJUSTEMENT DES PRIX [\/vc_column_text][vc_column_text] Les travaux trait\u00e9s sur la base de la s\u00e9rie de prix font l\u2019objet de m\u00e9moires portant l\u2019incidence des coefficients mensuels de ladite s\u00e9rie. Les travaux trait\u00e9s \u00e0 prix forfaitaires seront actualis\u00e9s et r\u00e9vis\u00e9s \u00e0 l\u2019aide des index nationaux de b\u00e2timent du minist\u00e8re de l\u2019\u00e9quipement \u2013 codification B.T. [\/vc_column_text][vc_empty_space height=\u00a0\u00bb15&Prime;][vc_column_text] PAIEMENT [\/vc_column_text][vc_column_text] Sauf stipulations diff\u00e9rentes, \u00e9crites, les paiements sont faits au si\u00e8ge social des soci\u00e9t\u00e9s Roofnet, par virement \u00e0 30 jours fin de mois, sans escompte, m\u00eame en cas de paiement anticip\u00e9. Le non-paiement d\u2019une facture \u00e0 son \u00e9ch\u00e9ance entra\u00eene de plein droit l\u2019exigibilit\u00e9 imm\u00e9diate de toutes les factures, y compris celles [&hellip;]<\/p>\n","protected":false},"author":3,"featured_media":0,"parent":0,"menu_order":0,"comment_status":"closed","ping_status":"closed","template":"template-fullwith.php","meta":{"footnotes":""},"_links":{"self":[{"href":"https:\/\/roofnet.fr\/roofnet\/wp-json\/wp\/v2\/pages\/14602"}],"collection":[{"href":"https:\/\/roofnet.fr\/roofnet\/wp-json\/wp\/v2\/pages"}],"about":[{"href":"https:\/\/roofnet.fr\/roofnet\/wp-json\/wp\/v2\/types\/page"}],"author":[{"embeddable":true,"href":"https:\/\/roofnet.fr\/roofnet\/wp-json\/wp\/v2\/users\/3"}],"replies":[{"embeddable":true,"href":"https:\/\/roofnet.fr\/roofnet\/wp-json\/wp\/v2\/comments?post=14602"}],"version-history":[{"count":11,"href":"https:\/\/roofnet.fr\/roofnet\/wp-json\/wp\/v2\/pages\/14602\/revisions"}],"predecessor-version":[{"id":14610,"href":"https:\/\/roofnet.fr\/roofnet\/wp-json\/wp\/v2\/pages\/14602\/revisions\/14610"}],"wp:attachment":[{"href":"https:\/\/roofnet.fr\/roofnet\/wp-json\/wp\/v2\/media?parent=14602"}],"curies":[{"name":"wp","href":"https:\/\/api.w.org\/{rel}","templated":true}]}}